e greatest common divisor of 102502 and 53?
53
What is the greatest common divisor of 96139 and 127?
127
What is the greatest common factor of 10 and 2155?
5
Calculate the highest common divisor of 280 and 13860.
140
What is the greatest common divisor of 979180 and 12110?
1730
Calculate the greatest common factor of 129000 and 44376.
1032
What is the greatest common divisor of 138 and 117369?
69
What is the highest common factor of 248 and 4898?
62
Calculate the greatest common divisor of 758 and 11548130.
758
Calculate the greatest common divisor of 1776 and 1464.
24
What is the highest common divisor of 153 and 45963?
9
Calculate the greatest common factor of 69990 and 90.
30
Calculate the highest common divisor of 162602 and 6479.
209
Calculate the greatest common divisor of 2691 and 208.
13
Calculate the highest common divisor of 25 and 181325.
25
Calculate the highest common divisor of 852425 and 700.
175
Calculate the greatest common factor of 582035 and 590.
295
What is the greatest common divisor of 8365 and 140?
35
What is the greatest common divisor of 168 and 24276?
84
Calculate the greatest common factor of 574 and 5341.
7
Calculate the highest common factor of 1550 and 84150.
50
What is the greatest common divisor of 474 and 822627?
237
What is the greatest common factor of 1346013 and 16656?
1041
Calculate the greatest common divisor of 15648 and 72.
24
What is the greatest common factor of 63492 and 1276?
44
Calculate the highest common factor of 1193 and 6134406.
1193
What is the greatest common divisor of 1 and 755598?
1
Calculate the greatest common divisor of 2300 and 9430.
230
Calculate the highest common factor of 975 and 169.
13
Calculate the greatest common divisor of 131 and 447103.
131
Calculate the highest common factor of 60452 and 204.
68
Calculate the greatest common factor of 833 and 2295.
17
What is the greatest common divisor of 7119535 and 115?
115
What is the highest common factor of 4148 and 27336?
68
What is the greatest common factor of 510 and 5065?
5
Calculate the greatest common divisor of 52 and 62699.
13
Calculate the highest common divisor of 2408 and 9374.
86
Calculate the highest common factor of 888 and 990786.
222
What is the greatest common divisor of 3140 and 6437?
157
Calculate the highest common divisor of 17687 and 1426.
23
Calculate the highest common divisor of 2014537 and 49.
49
Calculate the highest common factor of 270 and 24894.
54
What is the greatest common factor of 625 and 670?
5
What is the highest common divisor of 48 and 296328?
24
What is the highest common divisor of 23331 and 154?
77
Calculate the greatest common divisor of 63 and 62391.
21
What is the highest common factor of 1359 and 99?
9
Calculate the highest common factor of 130753 and 7.
7
What is the highest common divisor of 1936872 and 486?
162
What is the greatest common divisor of 3451 and 17661?
203
What is the highest common divisor of 18 and 99126?
18
What is the highest common factor of 12 and 46668?
12
What is the highest common factor of 170058 and 2?
2
What is the greatest common factor of 3763 and 1272?
53
What is the greatest common divisor of 3293 and 17279?
37
Calculate the greatest common divisor of 15385 and 3995.
85
Calculate the highest common divisor of 2040 and 20145.
255
Calculate the highest common divisor of 3339 and 945.
63
What is the greatest common divisor of 4949 and 8181?
101
Calculate the greatest common factor of 20 and 463100.
20
Calculate the highest common factor of 10 and 23390.
10
What is the highest common divisor of 10233 and 91339?
379
Calculate the highest common divisor of 12 and 1627320.
12
What is the highest common factor of 139941 and 162?
27
What is the greatest common divisor of 31616 and 95?
19
What is the highest common divisor of 279 and 448694?
31
Calculate the highest common factor of 138376 and 112.
56
What is the highest common factor of 594 and 31086?
198
What is the highest common divisor of 9 and 246?
3
What is the highest common factor of 7298 and 3026?
178
Calculate the greatest common divisor of 1609330 and 50.
10
What is the greatest common factor of 564 and 33135?
141
Calculate the highest common divisor of 1080 and 4275.
45
Calculate the highest common divisor of 144718 and 14.
14
Calculate the greatest common factor of 4445804 and 316.
316
What is the greatest common factor of 6117 and 834?
3
Calculate the highest common divisor of 100 and 49040.
20
Calculate the highest common factor of 5 and 57670.
5
What is the greatest common factor of 288 and 32616?
72
Calculate the highest common factor of 72693 and 697.
41
What is the highest common divisor of 12336 and 623739?
771
Calculate the greatest common factor of 9 and 236781.
9
What is the highest common factor of 18882 and 6516?
18
What is the highest common divisor of 54740 and 4165?
595
Calculate the greatest common divisor of 260 and 46306.
26
What is the highest common factor of 257982 and 372?
186
What is the highest common divisor of 167123 and 22?
11
What is the highest common factor of 261 and 5661?
9
Calculate the greatest common factor of 24 and 147672.
24
Calculate the highest common divisor of 25 and 257525.
25
What is the greatest common factor of 5757 and 15?
3
What is the greatest common factor of 140556 and 21658?
442
Calculate the greatest common factor of 3216 and 4154.
134
Calculate the highest common divisor of 81 and 1973808.
81
Calculate the highest common divisor of 4 and 2872.
4
Calculate the highest common factor of 121 and 376706.
11
Calculate the greatest common divisor of 11918 and 1298.
118
Calculate the highest common factor of 285 and 7505.
95
What is the greatest common factor of 342 and 18567?
9
Calculate the highest common divisor of 10902 and 29388.
474
Calculate the highest common divisor of 56 and 934850.
14
What is the greatest common factor of 4908 and 29039?
409
Calculate the greatest common divisor of 654 and 146823.
327
What is the highest common factor of 5535 and 424719?
369
Calculate the greatest common divisor of 13433 and 5168.
19
Calculate the greatest common divisor of 9401 and 119.
119
What is the greatest common divisor of 42325 and 1025?
25
Calculate the highest common divisor of 354480 and 6.
6
What is the greatest common factor of 232 and 224982?
58
Calculate the greatest common divisor of 264 and 128.
8
What is the greatest common factor of 276341 and 377?
377
Calculate the greatest common divisor of 1668 and 2652.
12
What is the highest common divisor of 1343 and 1580?
79
What is the highest common divisor of 4015 and 1168?
73
What is the greatest common divisor of 4365 and 4965?
15
What is the highest common divisor of 19375 and 62?
31
Calculate the greatest common divisor of 52464 and 120.
24
Calculate the greatest common divisor of 165 and 374000.
55
Calculate the highest common factor of 2037 and 28227.
291
Calculate the greatest common factor of 2124 and 167973.
177
Calculate the highest common divisor of 1024 and 112.
16
Calculate the greatest common factor of 576601 and 166.
83
What is the greatest common divisor of 321504 and 3672?
408
What is the greatest common divisor of 163656 and 24?
24
What is the greatest common divisor of 47 and 300659?
47
What is the highest common divisor of 17 and 653701?
17
What is the greatest common divisor of 7599 and 1632?
51
What is the highest common factor of 26 and 633477?
13
What is the greatest common factor of 11754 and 162?
18
Calculate the greatest common factor of 352 and 45.
1
Calculate the highest common factor of 36 and 166356.
36
Calculate the greatest common factor of 459 and 12609.
27
Calculate the highest common divisor of 28 and 186452.
28
Calculate the greatest common divisor of 341 and 75460.
11
Calculate the highest common divisor of 4812 and 276.
12
What is the greatest common divisor of 3835 and 156?
13
Calculate the greatest common factor of 298353 and 11.
11
Calculate the greatest common divisor of 93 and 75423.
93
What is the highest common factor of 485141 and 58?
29
Calculate the greatest common factor of 62008 and 40.
8
Calculate the greatest common factor of 54960 and 100.
20
What is the greatest common divisor of 164 and 132?
4
What is the highest common divisor of 1155 and 